
True
Does 1939 divide 318401071?
False
Is 351 a factor of 6195150?
True
Is 68 a factor of 47233004?
True
Is 928 a factor of 29721334?
False
Does 19 divide 42824327?
False
Does 1712 divide 425880430?
False
Does 113 divide 63845678?
True
Is 40 a factor of 270838560?
True
Does 53 divide 38566284?
False
Does 40 divide 111158432?
False
Is 34020765 a multiple of 241?
True
Is 3636 a factor of 1041955169?
False
Is 3 a factor of 4206185?
False
Is 464906232 a multiple of 603?
False
Does 49 divide 1628504?
False
Is 72034133 a multiple of 410?
False
Is 1637 a factor of 77255966?
False
Does 5 divide 263634?
False
Is 245 a factor of 130959850?
True
Is 2723778686 a multiple of 8438?
False
Is 144988644 a multiple of 1506?
True
Is 22 a factor of 102523241?
False
Does 12 divide 1548275064?
True
Does 348 divide 77567112?
True
Is 15 a factor of 608648374?
False
Does 314 divide 1779262?
False
Is 631 a factor of 109229131?
False
Is 355607661 a multiple of 10326?
False
Does 840 divide 40249655?
False
Does 43 divide 299892878?
False
Does 19 divide 374788613?
False
Is 383 a factor of 16639698?
False
Is 211 a factor of 1664708838?
False
Is 2090 a factor of 182734970?
True
Is 47 a factor of 96610611?
False
Is 143 a factor of 90282535?
False
Is 169 a factor of 16421561?
True
Does 1583 divide 650722658?
False
Does 16 divide 25363216?
True
Is 9 a factor of 695830110?
False
Does 18 divide 601583022?
True
Is 6763672 a multiple of 216?
False
Does 1142 divide 30598748?
True
Is 2274 a factor of 907385124?
True
Is 94 a factor of 270129910?
False
Is 242 a factor of 130799551?
False
Is 36730732 a multiple of 17?
False
Does 26 divide 1679400710?
True
Is 6164025 a multiple of 597?
True
Does 16 divide 29763817?
False
Is 1926 a factor of 35846712?
True
Does 933 divide 242463980?
False
Does 22 divide 843801032?
False
Is 24376722 a multiple of 115?
False
Is 4904083753 a multiple of 6648?
False
Is 383 a factor of 57333630?
False
Is 573 a factor of 10366304?
False
Is 29514986 a multiple of 643?
True
Is 4157946639 a multiple of 9?
True
Is 155163711 a multiple of 188?
False
Does 6 divide 468515?
False
Is 12161814 a multiple of 122?
True
Does 4886 divide 72712663?
False
Does 24 divide 8647488?
True
Is 677 a factor of 1818639317?
True
Is 9 a factor of 3886853868?
True
Is 693141900 a multiple of 110?
True
Does 13 divide 32077181?
False
Is 16026275 a multiple of 25?
True
Is 62597066 a multiple of 45?
False
Does 239 divide 34296280?
False
Does 1567 divide 2315341221?
True
Is 460911818 a multiple of 821?
False
Does 20 divide 19806985?
False
Is 27 a factor of 770018320?
False
Is 4366860 a multiple of 1994?
True
Does 1156 divide 78841512?
True
Is 208 a factor of 16599936?
False
Is 25 a factor of 92123791?
False
Is 14 a factor of 312616205?
False
Does 39 divide 577578573?
True
Is 381 a factor of 5535205?
False
Is 37 a factor of 68006443?
False
Is 18 a factor of 832801540?
False
Does 53 divide 38387635?
True
Is 179 a factor of 156929726?
False
Is 86 a factor of 961874482?
True
Is 44865964 a multiple of 13?
True
Does 34 divide 5720738?
True
Is 6226 a factor of 1130769720?
False
Is 1301 a factor of 71531582?
True
Does 192 divide 44513280?
True
Does 9 divide 58235013?
True
Is 306 a factor of 68596020?
True
Does 1031 divide 254129562?
False
Does 31 divide 78334148?
True
Does 1067 divide 799445993?
False
Is 82057112 a multiple of 1906?
True
Does 3005 divide 548316340?
True
Does 2403 divide 445597589?
False
Is 687 a factor of 737669685?
True
Is 2529471462 a multiple of 42?
True
Is 1140982077 a multiple of 3387?
True
Is 144 a factor of 33318576?
True
Does 249 divide 80007435?
True
Does 43 divide 411840326?
True
Is 665049543 a multiple of 30?
False
Is 13 a factor of 2241369?
True
Is 2 a factor of 3773095?
False
Is 1290 a factor of 294258030?
True
Is 1533415 a multiple of 160?
False
Is 131089036 a multiple of 889?
False
Does 263 divide 646744143?
False
Does 195 divide 49144875?
True
Is 2862082855 a multiple of 16?
False
Is 21647046 a multiple of 15?
False
Is 10911 a factor of 493875504?
True
Does 19 divide 55382509?
False
Does 30 divide 26783034?
False
Is 160152626 a multiple of 194?
True
Is 12 a factor of 107071412?
False
Does 397 divide 19395038?
True
Is 1442 a factor of 24558702?
True
Is 14100128 a multiple of 4?
True
Does 62 divide 306675694?
False
Does 32 divide 4136163648?
True
Is 1594 a factor of 171978254?
True
Is 10 a factor of 13336667?
False
Is 4621333232 a multiple of 38?
False
Does 10 divide 7110018?
False
Does 13 divide 302570981?
False
Is 476 a factor of 22699142?
False
Is 1296473399 a multiple of 529?
False
Is 56583465 a multiple of 4993?
False
Is 362 a factor of 2155356130?
False
Is 3825308 even?
True
Is 953 a factor of 190661945?
True
Is 4291106 a multiple of 56?
False
Is 290 a factor of 112600330?
True
Does 1278 divide 7614316?
False
Is 23992848 a multiple of 6?
True
Does 1017 divide 83954300?
False
Does 148 divide 3601876?
True
Is 896286535 a multiple of 55?
False
Does 6964 divide 157026955?
False
Is 6476254 a multiple of 105?
False
Is 40691740 a multiple of 141?
False
Is 59 a factor of 1479152137?
False
Does 17 divide 7779557?
True
Is 698 a factor of 185090754?
True
Does 4514 divide 1369962888?
True
Does 675 divide 1158553?
False
Does 9487 divide 327529188?
True
Is 1699 a factor of 1648835558?
False
Does 16 divide 95323696?
True
Is 1193317587 a multiple of 369?
True
Is 73812753 a multiple of 9?
True
Is 1942 a factor of 153806400?
True
Is 43 a factor of 148732915?
True
Does 1709 divide 72519706?
True
Does 15 divide 31784175?
True
Is 2918793220 a multiple of 17?
False
Is 36 a factor of 64161360?
True
Does 271 divide 27823299?
True
Is 3845 a factor of 903002787?
False
Does 961 divide 1591964?
False
Is 1122874222 a multiple of 2524?
False
Is 1075 a factor of 3067668?
False
Is 15 a factor of 11754690?
True
Is 12722238 a multiple of 27?
True
Does 19 divide 6954418?
True
Is 21454377 a multiple of 43?
True
Is 321223589 a multiple of 23?
True
Does 800 divide 9387700?
False
Does 15 divide 258162780?
True
Does 28 divide 81422066?
False
Is 377 a factor of 22340266?
True
Does 50 divide 9980500?
True
Does 28 divide 30657767?
False
Is 205867852 a multiple of 51?
False
Does 18 divide 496488545?
False
Is 45 a factor of 7016805?
True
Is 1216784324 a multiple of 124?
False
Is 28 a factor of 10644155?
False
Is 8 a factor of 43701584?
True
Is 31 a factor of 182838806?
True
Is 115 a factor of 2084460790?
True
Does 8758 divide 682878776?
True
Is 18885090 a multiple of 21?
True
Is 1706 a factor of 43023540?
False
Is 144 a factor of 9183744?
True
Is 11 a factor of 84563528?
False
Is 38931358 a multiple of 11?
False
Is 54 a factor of 8364191?
False
Does 9 divide 2441891?
False
Is 14 a factor of 770012418?
True
Does 74 divide 39837382?
True
Is 50115572 a multiple of 26?
True
Does 12 divide 936478915?
False
Does 82 divide 45650794?
True
Is 36058663 a multiple of 443?
False
Does 27 divide 3403242?
True
Does 4 divide 406580572?
True
Is 4287 a factor of 1116667493?
False
Does 284 divide 415968268?
True
Is 7398458796 a multiple of 12?
True
Is 15 a factor of 2028085566?
False
Does 13 divide 82343534?
True
Is 2522729556 a multiple of 27?
True
Is 2 a factor of 8166196?
True
Is 21 a factor of 2139471705?
True
Is 473 a factor of 354933560?
False
Is 439560576 a multiple of 2496?
True
Does 8 divide 54768292?
False
Is 22072640 a multiple of 920?
True
Is 199998763 a multiple of 106?
False
Does 435 divide 227691615?
True
Does 76 divide 41072777?
False
Is 305 a factor of 5260945?
True
Does 5150 divide 2026648600?
True
Does 266 divide 56357952?
True
Is 310 a factor of 15008960?
True
Is 9745164 a multiple of 52?
True
Is 169105229 a multiple of 688?
False
Does 167 divide 26726346?
True
Is 100726317 a multiple of 29?
False
Is 61763333 a multiple of 2384?
False
Is 322 a factor of 456875519?
False
Is 15 a factor of 333479117?
False
Is 71 a factor of 14418609?
True
Is 343977575 a multiple of 1748?
False
Is 14 a factor of 4358430?
False
Is 70609011 a multiple of 58?
False
Is 3 a factor of 15364016?
False
Does 108 divide 313663?
False
Is 845 a factor of 18920694?
False
Is 8058255 a multiple of 5?
True
Is 54277600 a multiple of 1700?
True
Is 11193 a factor of 5141470971?
True
Is 343941289 a multiple of 1152?
False
Does 3362 divide 123